t common divisor of 3741 and 174?
87
What is the greatest common divisor of 1918 and 28?
14
What is the greatest common divisor of 8336 and 32?
16
Calculate the greatest common factor of 38 and 893.
19
Calculate the greatest common factor of 14592 and 342.
114
Calculate the greatest common divisor of 105 and 1302.
21
Calculate the greatest common factor of 720 and 15.
15
Calculate the greatest common factor of 48 and 1476.
12
Calculate the highest common factor of 12 and 717.
3
Calculate the highest common divisor of 352 and 22.
22
What is the highest common divisor of 686 and 14?
14
Calculate the greatest common factor of 235 and 188.
47
Calculate the highest common divisor of 1740 and 10.
10
Calculate the highest common divisor of 3487 and 5072.
317
What is the greatest common divisor of 47633 and 109?
109
Calculate the greatest common divisor of 135 and 1035.
45
Calculate the highest common factor of 17244 and 12.
12
Calculate the greatest common factor of 80 and 1664.
16
Calculate the highest common divisor of 36 and 20.
4
Calculate the highest common divisor of 48 and 6.
6
What is the highest common divisor of 32 and 752?
16
Calculate the highest common divisor of 126 and 2.
2
Calculate the greatest common divisor of 264 and 330.
66
What is the greatest common divisor of 78 and 35022?
78
Calculate the highest common divisor of 42 and 2457.
21
What is the greatest common factor of 357 and 2448?
51
Calculate the greatest common factor of 1332 and 36.
36
Calculate the greatest common factor of 3268 and 43.
43
What is the greatest common divisor of 86 and 2193?
43
What is the highest common factor of 810 and 50?
10
Calculate the greatest common factor of 72 and 1161.
9
What is the greatest common divisor of 1331 and 407?
11
Calculate the highest common factor of 26 and 1677.
13
What is the highest common divisor of 1638 and 7462?
182
What is the highest common divisor of 99 and 440?
11
What is the highest common divisor of 65 and 520?
65
Calculate the greatest common divisor of 43 and 23.
1
What is the highest common divisor of 100 and 4?
4
Calculate the greatest common factor of 849 and 15.
3
Calculate the greatest common factor of 50 and 12125.
25
Calculate the greatest common factor of 240 and 96.
48
Calculate the highest common divisor of 137 and 14933.
137
Calculate the highest common factor of 75 and 200.
25
Calculate the greatest common factor of 1017 and 565.
113
What is the greatest common factor of 180 and 36?
36
What is the greatest common factor of 2847 and 273?
39
Calculate the greatest common factor of 960 and 16.
16
Calculate the greatest common factor of 252 and 1134.
126
What is the greatest common divisor of 6497 and 89?
89
What is the highest common factor of 440 and 320?
40
What is the highest common factor of 95 and 855?
95
What is the highest common factor of 6298 and 94?
94
What is the greatest common factor of 2035 and 55?
55
Calculate the greatest common divisor of 6 and 8394.
6
What is the greatest common divisor of 1350 and 756?
54
What is the greatest common factor of 232 and 1218?
58
What is the greatest common factor of 260 and 40?
20
What is the greatest common factor of 48 and 592?
16
What is the greatest common factor of 10 and 6?
2
What is the greatest common divisor of 400 and 125?
25
Calculate the greatest common divisor of 10625 and 85.
85
Calculate the highest common factor of 205 and 35.
5
What is the greatest common factor of 17318 and 14?
14
What is the highest common factor of 183 and 17141?
61
Calculate the highest common factor of 1256 and 176.
8
What is the highest common factor of 3 and 2076?
3
Calculate the highest common divisor of 794 and 2.
2
What is the greatest common divisor of 297 and 4950?
99
What is the greatest common factor of 15 and 250?
5
Calculate the greatest common factor of 13268 and 124.
124
What is the greatest common factor of 999 and 27?
27
What is the highest common factor of 12 and 33?
3
What is the highest common divisor of 448 and 56?
56
Calculate the greatest common factor of 10 and 3130.
10
Calculate the greatest common divisor of 6 and 18.
6
Calculate the greatest common divisor of 86 and 946.
86
Calculate the highest common factor of 27 and 10.
1
What is the greatest common factor of 10 and 448?
2
Calculate the greatest common divisor of 64 and 1760.
32
What is the highest common divisor of 9 and 315?
9
What is the greatest common factor of 13673 and 242?
121
What is the greatest common factor of 17 and 30379?
17
Calculate the greatest common factor of 30 and 730.
10
Calculate the highest common factor of 65 and 10.
5
What is the greatest common divisor of 507 and 1053?
39
What is the highest common divisor of 94 and 103306?
94
Calculate the greatest common factor of 760 and 160.
40
What is the greatest common divisor of 875 and 7?
7
Calculate the highest common divisor of 891 and 11.
11
Calculate the greatest common factor of 129 and 473.
43
What is the highest common factor of 208 and 221?
13
Calculate the greatest common divisor of 2592 and 192.
96
What is the highest common divisor of 7 and 28?
7
Calculate the greatest common factor of 52 and 11843.
13
Calculate the greatest common divisor of 2700 and 100.
100
What is the greatest common factor of 640 and 760?
40
What is the greatest common divisor of 32 and 816?
16
Calculate the highest common factor of 576 and 126.
18
What is the greatest common factor of 14 and 28154?
14
Calculate the highest common divisor of 26 and 39.
13
What is the greatest common factor of 4 and 1822?
2
What is the highest common factor of 135 and 765?
45
Calculate the highest common divisor of 154 and 550.
22
What is the highest common factor of 330 and 10560?
330
What is the greatest common divisor of 224 and 42?
14
What is the highest common divisor of 4 and 148?
4
What is the greatest common divisor of 14 and 581?
7
What is the greatest common divisor of 7462 and 78?
26
What is the greatest common factor of 380 and 620?
20
What is the highest common divisor of 9 and 8433?
9
What is the highest common divisor of 1 and 73?
1
Calculate the highest common divisor of 70 and 150.
10
Calculate the greatest common divisor of 616 and 56.
56
Calculate the greatest common divisor of 44 and 154.
22
What is the highest common factor of 768 and 72?
24
Calculate the highest common factor of 81 and 774.
9
What is the greatest common factor of 208 and 1648?
16
Calculate the greatest common divisor of 51 and 323.
17
Calculate the highest common divisor of 59959 and 34.
17
What is the highest common factor of 142 and 71?
71
Calculate the greatest common factor of 10112 and 158.
158
Calculate the highest common divisor of 26 and 2106.
26
Calculate the greatest common factor of 343 and 273.
7
Calculate the greatest common factor of 192 and 12.
12
Calculate the greatest common factor of 5362 and 112.
14
What is the highest common divisor of 88 and 4664?
88
What is the highest common factor of 195 and 507?
39
What is the greatest common factor of 40 and 5020?
20
Calculate the highest common divisor of 18 and 834.
6
What is the highest common factor of 171 and 38?
19
What is the greatest common factor of 396 and 1683?
99
What is the highest common divisor of 27 and 3699?
27
Calculate the greatest common factor of 6 and 8562.
6
Calculate the highest common factor of 870 and 24.
6
What is the highest common factor of 564 and 12?
12
What is the greatest common factor of 21 and 96?
3
Calculate the greatest common factor of 324 and 72.
36
Calculate the greatest common factor of 123158 and 266.
266
Calculate the highest common factor of 14 and 5768.
14
What is the greatest common factor of 100 and 15550?
50
What is the greatest common divisor of 470 and 20?
10
What is the greatest common factor of 256 and 32?
32
Calculate the greatest common divisor of 3 and 4.
1
Calculate the greatest common factor of 8 and 248.
8
Calculate the highest common divisor of 26 and 182.
26
What is the greatest common divisor of 1155 and 616?
77
Calculate the greatest common factor of 28 and 70.
14
What is the highest common divisor of 7 and 2807?
7
Calculate the greatest common factor of 485 and 145.
5
What is the greatest common divisor of 182 and 338?
26
Calculate the greatest c